 units digit of 9250?
0
What is the tens digit of 730?
3
What is the hundreds digit of 765?
7
What is the ten thousands digit of 43889?
4
What is the tens digit of 3299?
9
What is the units digit of 233?
3
What is the hundreds digit of 2596?
5
What is the tens digit of 2580?
8
What is the tens digit of 45729?
2
What is the hundreds digit of 53270?
2
What is the ten thousands digit of 76188?
7
What is the tens digit of 16?
1
What is the units digit of 94?
4
What is the units digit of 85?
5
What is the tens digit of 902?
0
What is the hundreds digit of 6760?
7
What is the hundreds digit of 133714?
7
What is the tens digit of 239?
3
What is the tens digit of 18846?
4
What is the units digit of 44?
4
What is the tens digit of 400?
0
What is the tens digit of 936?
3
What is the units digit of 3249?
9
What is the tens digit of 4990?
9
What is the hundreds digit of 2383?
3
What is the units digit of 1195?
5
What is the units digit of 15?
5
What is the tens digit of 76?
7
What is the units digit of 2405?
5
What is the hundreds digit of 12488?
4
What is the tens digit of 187?
8
What is the units digit of 14590?
0
What is the units digit of 88723?
3
What is the tens digit of 4473?
7
What is the hundreds digit of 12370?
3
What is the tens digit of 2105?
0
What is the hundreds digit of 959?
9
What is the tens digit of 4759?
5
What is the units digit of 3600?
0
What is the hundreds digit of 1371?
3
What is the hundreds digit of 465?
4
What is the tens digit of 2028?
2
What is the thousands digit of 162660?
2
What is the thousands digit of 1249?
1
What is the thousands digit of 2057?
2
What is the tens digit of 118790?
9
What is the units digit of 11989?
9
What is the tens digit of 1131?
3
What is the hundreds digit of 574?
5
What is the hundreds digit of 15517?
5
What is the hundreds digit of 499?
4
What is the tens digit of 599?
9
What is the units digit of 439?
9
What is the units digit of 596?
6
What is the hundreds digit of 1716?
7
What is the tens digit of 7839?
3
What is the thousands digit of 130067?
0
What is the hundreds digit of 222?
2
What is the thousands digit of 14664?
4
What is the hundreds digit of 36254?
2
What is the tens digit of 5315?
1
What is the thousands digit of 17463?
7
What is the tens digit of 1811?
1
What is the tens digit of 41676?
7
What is the tens digit of 30832?
3
What is the units digit of 6534?
4
What is the hundreds digit of 2194?
1
What is the ten thousands digit of 13039?
1
What is the ten thousands digit of 13806?
1
What is the ten thousands digit of 66333?
6
What is the hundreds digit of 14277?
2
What is the thousands digit of 14088?
4
What is the units digit of 2965?
5
What is the tens digit of 566?
6
What is the tens digit of 13868?
6
What is the tens digit of 2622?
2
What is the units digit of 16212?
2
What is the hundreds digit of 315?
3
What is the hundreds digit of 17519?
5
What is the tens digit of 3310?
1
What is the units digit of 1582?
2
What is the hundreds digit of 31643?
6
What is the ten thousands digit of 23202?
2
What is the thousands digit of 25309?
5
What is the ten thousands digit of 16226?
1
What is the tens digit of 19279?
7
What is the tens digit of 460?
6
What is the units digit of 312?
2
What is the ten thousands digit of 19499?
1
What is the ten thousands digit of 54502?
5
What is the thousands digit of 1738?
1
What is the units digit of 636?
6
What is the tens digit of 2783?
8
What is the units digit of 446?
6
What is the hundreds digit of 12154?
1
What is the units digit of 7088?
8
What is the units digit of 8840?
0
What is the tens digit of 633?
3
What is the units digit of 14709?
9
What is the tens digit of 8616?
1
What is the thousands digit of 3786?
3
What is the tens digit of 28569?
6
What is the units digit of 15872?
2
What is the thousands digit of 1287?
1
What is the hundreds digit of 55020?
0
What is the tens digit of 456?
5
What is the ten thousands digit of 15467?
1
What is the units digit of 7902?
2
What is the thousands digit of 2391?
2
What is the tens digit of 7114?
1
What is the tens digit of 6878?
7
What is the units digit of 1471?
1
What is the thousands digit of 47527?
7
What is the tens digit of 793?
9
What is the units digit of 36763?
3
What is the thousands digit of 21314?
1
What is the hundreds digit of 1349?
3
What is the thousands digit of 2739?
2
What is the tens digit of 2888?
8
What is the thousands digit of 81918?
1
What is the hundreds digit of 58442?
4
What is the units digit of 937?
7
What is the thousands digit of 19076?
9
What is the tens digit of 11439?
3
What is the tens digit of 16143?
4
What is the thousands digit of 34017?
4
What is the tens digit of 10505?
0
What is the hundreds digit of 103139?
1
What is the hundreds digit of 932?
9
What is the tens digit of 303?
0
What is the hundreds digit of 254?
2
What is the thousands digit of 1150?
1
What is the hundreds digit of 2399?
3
What is the thousands digit of 13369?
3
What is the units digit of 1979?
9
What is the ten thousands digit of 47497?
4
What is the thousands digit of 5985?
5
What is the units digit of 8326?
6
What is the hundreds digit of 195900?
9
What is the tens digit of 1009?
0
What is the units digit of 1437?
7
What is the tens digit of 692?
9
What is the units digit of 16862?
2
What is the units digit of 1330?
0
What is the tens digit of 6048?
4
What is the thousands digit of 32576?
2
What is the tens digit of 10992?
9
What is the hundreds digit of 400?
4
What is the hundreds digit of 2139?
1
What is the tens digit of 1632?
3
What is the tens digit of 1217?
1
What is the tens digit of 4793?
9
What is the units digit of 28?
8
What is the tens digit of 810?
1
What is the tens digit of 12871?
7
What is the tens digit of 795?
9
What is the hundreds digit of 66223?
2
What is the hundreds digit of 675?
6
What is the units digit of 2015?
5
What is the tens digit of 18871?
7
What is the thousands digit of 40523?
0
What is the units digit of 87324?
4
What is the thousands digit of 8806?
8
What is the thousands digit of 7131?
7
What is the hundreds digit of 746?
7
What is the thousands digit of 16944?
6
What is the thousands digit of 16153?
6
What is the hundreds digit of 1972?
9
What is the tens digit of 76070?
7
What is the units digit of 40228?
8
What is the ten thousands digit of 11179?
1
What is the tens digit of 779?
7
What is the hundreds digit of 8107?
1
What is the hundreds digit of 3460?
4
What is the units digit of 936?
6
What is the tens digit of 1620?
2
What is the units digit of 3174?
4
What is the hundreds digit of 464?
4
What is the tens digit of 71030?
3
What is the hundreds digit of 2967?
9
What is the units digit of 1847?
7
What is the hundreds digit of 932?
9
What is the units digit of 98758?
8
What is the thousands digit of 43703?
3
What is the thousands digit of 10719?
0
What is the ten thousands digit of 17181?
1
What is the units digit of 2861?
1
What is the ten thousands digit of 34486?
3
What is the tens digit of 312?
1
What is the tens digit of 1010?
1
What is the hundreds digit of 2904?
9
What is the units digit of 8171?
1
What is the thousands digit of 3622?
3
What is the hundreds digit of 583?
5
What is the hundreds digit of 1457?
4
What is the tens digit of 1118?
1
What is the thousands digit of 3467?
3
What is the ten thousands digit of 22259?
2
What is the tens digit of 6377?
7
What is the hundreds digit of 929?
9
What is the tens digit of 11064?
6
What is the hundreds digit of 428?
4
What is the hundreds digit of 1364?
3
What is the ten thousands digit of 33403?
3
What is the thousands digit of 99682?
9
What is the hundreds digit of 90605?
6
What is the hundreds digit of 197721?
7
What is the units digit of 40024?
4
What is the hundreds digit of 58991?
9
What is the units digit of 15594?
4
What is the hundreds digit of 6196?
1
What is the units digit of 8114?
4
What is the units digit of 1012?
2
What is the units digit of 4886?
6
What is the ten thousands digit of 10931?
1
What is the hundreds digit of 1018?
0
What is the tens digit of 576?
7
What is the units digit of 6986?
6
What is the thousands digit of 3772?
3
What is the units digit of 1230?
0
What is the ten thousands digit of 11225?
1
What is the tens digit of 113478?
7
What is the hundreds digit of 